653?
1655
In base 8, what is -7 - 70?
-77
In base 10, what is 94 - 0?
94
In base 9, what is -542 + -4?
-546
In base 4, what is 130 - -2102?
2232
In base 4, what is 100 + -13?
21
In base 12, what is 1 - 15b?
-15a
In base 3, what is 10100011 - 12?
10022222
In base 2, what is -110000011 - -1?
-110000010
In base 2, what is -110 - 1011000101?
-1011001011
In base 15, what is 1b2 + -5?
1ac
In base 7, what is 16 + 4?
23
In base 4, what is 1 + -121?
-120
In base 5, what is -2 - 22?
-24
In base 5, what is 220310 + -2?
220303
In base 4, what is 10 - -232322?
232332
In base 13, what is 0 - -55?
55
In base 2, what is 10 - -101000?
101010
In base 13, what is -8b - -5?
-86
In base 11, what is 373 + -2?
371
In base 13, what is -5 - -22b?
226
In base 4, what is -1 + -23232?
-23233
In base 13, what is 0 + 200?
200
In base 10, what is 9 - -43?
52
In base 13, what is 3 + 1c?
22
In base 5, what is 31 + 222?
303
In base 9, what is -6 + -41?
-47
In base 8, what is 622 - 3?
617
In base 13, what is -676 - -2?
-674
In base 9, what is -54 + -74?
-138
In base 14, what is -584c - 4?
-5852
In base 4, what is -322 - -21?
-301
In base 6, what is 0 + -4545?
-4545
In base 2, what is 10101000 - 0?
10101000
In base 11, what is 1092 - 5?
1088
In base 14, what is -61a + -1a?
-636
In base 2, what is -1101 - 111010?
-1000111
In base 14, what is -5 + 70?
69
In base 16, what is 1a - 1c?
-2
In base 14, what is -cd - -1c?
-b1
In base 11, what is -294 - 5?
-299
In base 9, what is 5 - -651?
656
In base 4, what is 310012 + 0?
310012
In base 4, what is 20 + -1322?
-1302
In base 3, what is -10200020 - 11?
-10200101
In base 12, what is 5 + -87?
-82
In base 10, what is -1 + -18?
-19
In base 11, what is 355 + -4?
351
In base 6, what is -1032 - -21?
-1011
In base 14, what is 117 + 3?
11a
In base 3, what is -101 - 1?
-102
In base 2, what is -110100011000 + -101?
-110100011101
In base 11, what is 29a + 4?
2a3
In base 13, what is 35 - 6?
2c
In base 11, what is 172 + 2?
174
In base 6, what is -142 + -3?
-145
In base 2, what is 10 + 10100000?
10100010
In base 9, what is 2 + -66?
-64
In base 4, what is 302 - -120?
1022
In base 15, what is -3 + 4c1?
4bd
In base 10, what is 1 + -18?
-17
In base 2, what is 1 - 11011?
-11010
In base 10, what is -7 - -910?
903
In base 9, what is 88 - -3?
102
In base 11, what is 1a9 - -1?
1aa
In base 5, what is 214 - -4?
223
In base 3, what is -10010 - -12?
-2221
In base 12, what is 3434 + 0?
3434
In base 14, what is 28 + 1?
29
In base 12, what is a7 + -5?
a2
In base 10, what is 488 - -18?
506
In base 4, what is 2003232 - 1?
2003231
In base 4, what is 1120 - -2113?
3233
In base 3, what is -10 - -100011?
100001
In base 8, what is 243 + 37?
302
In base 7, what is 0 + -1604?
-1604
In base 11, what is -13a - -5?
-135
In base 15, what is 9ee + -8?
9e6
In base 2, what is -111011 - 111?
-1000010
In base 5, what is 1311 + 3?
1314
In base 13, what is 1aa - 2?
1a8
In base 13, what is 1c + 11?
30
In base 15, what is 257 + 3?
25a
In base 4, what is -1111 - 20?
-1131
In base 14, what is 17c - 2?
17a
In base 6, what is -3 - 20202?
-20205
In base 4, what is -113323 + -10?
-113333
In base 6, what is 5 + -1012?
-1003
In base 5, what is -23 - -324?
301
In base 12, what is 1149 + 3?
1150
In base 4, what is 301101 - -3?
301110
In base 3, what is 11001 + 110?
11111
In base 9, what is -2156 + 5?
-2151
In base 9, what is -2 - 1107?
-1110
In base 2, what is -1011000 - -100?
-1010100
In base 5, what is 203044 - -1?
203100
In base 5, what is 4 + 434?
443
In base 13, what is c - -555?
564
In base 10, what is -81 - -1?
-80
In base 11, what is 3 - 37?
-34
In base 4, what is -1 + -122?
-123
In base 3, what is 2 + -2112112?
-2112110
In base 10, what is 3 + -148?
-145
In base 2, what is -101111011001 + -1?
-101111011010
In base 13, what is 3b5b + 3?
3b61
In base 4, what is -1303 + 11?
-1232
In base 11, what is -516 + 4?
-512
In base 12, what is -5 + -1071?
-1076
In base 4, what is 0 - 3?
-3
In base 7, what is -1 + 425?
424
In base 15, what is -957 + 2?
-955
In base 14, what is 4 - 230?
-22a
In base 6, what is -1034 + 3?
-1031
In base 15, what is 164 - 2?
162
In base 8, what is -2 - -70?
66
In base 4, what is -32 - -11312?
11220
In base 6, what is 125 - 15?
110
In base 10, what is -3 + 190?
187
In base 16, what is -3 - -5f?
5c
In base 9, what is -2 + 5032?
5030
In base 9, what is -1 + -111?
-112
In base 8, what is 5 + -136?
-131
In base 3, what is -122 - 122?
-1021
In base 13, what is -1c - 83?
-a2
In base 2, what is -10010011010001 - 1?
-10010011010010
In base 11, what is 21 + 6?
27
In base 10, what is 2924 - -11?
2935
In base 10, what is -134 - -5?
-129
In base 12, what is 1a + 13?
31
In base 2, what is -111111 - 10?
-1000001
In base 8, what is 1 - 267?
-266
In base 5, what is -12 - 44?
-111
In base 13, what is -13c - 5?
-144
In base 13, what is 52 + 2?
54
In base 8, what is -5 - -1702?
1675
In base 10, what is 0 + 157?
157
In base 12, what is 12b8 + 1?
12b9
In base 9, what is 10 - -11?
21
In base 7, what is 5 - -3243?
3251
In base 7, what is -64 + 1?
-63
In base 16, what is 61 + -85?
-24
In base 11, what is 38a - -5?
394
In base 8, what is -4 - -106?
102
In base 13, what is -1 - 89b?
-89c
In base 14, what is 50 - 4d?
1
In base 13, what is 2 + 28?
2a
In base 4, what is -21 - 220?
-301
In base 4, what is -322 - 2?
-330
In base 7, what is 3 - 462?
-456
In base 14, what is 5 - -93?
98
In base 4, what is 12 - -33301?
33313
In base 9, what is 658 + 14?
673
In base 11, what is 3a - 238?
-1a9
In base 4, what is -2200131 - 0?
-2200131
In base 10, what is 6 - 10?
-4
In base 7, what is -164 - 10?
-204
In base 2, what is -1011 - 100010111?
-100100010
In base 2, what is 10 - 11111100000?
-11111011110
In base 9, what is 568 - 6?
562
In base 2, what is 100 - -1110?
10010
In base 2, what is 110000 - 100?
101100
In base 10, what is -50 - 5?
-55
In base 7, what is -15 + 313?
265
In base 11, what is -5 + 168?
163
In base 4, what is -211 + -2?
-213
In base 16, what is 0 + 4a?
4a
In base 7, what is 1 + -24?
-23
In base 2, what is 11010 + -11?
10111
In base 8, what is 4 - -307?
313
In base 11, what is 7 - -195?
1a1
In base 2, what is 1 + 100100?
100101
In base 16, what is -76 - 14?
-8a
In base 7, what is 262 + 12?
304
In base 7, what is 103 + 5?
111
In base 11, what is -2 + -72?
-74
In base 11, what is -3 - 62?
-65
In base 3, what is -20 - 120202?
-120222
In base 3, what is 0 + 10101221?
10101221
In base 5, what is -234 - 4?
-243
In base 7, what is -1346 - -41?
-1305
In base 13, what is 2 - -22?
24
In base 2, what is 10000110110 - 100?
10000110010
In base 9, what is -3552 + -1?
-3553
In base 5, what is 112 + -3?
104
In base 7, what is -21133 + 5?
-21125
In base 13, what is 2 + a?
c
In base 6, what is 2 + 321?
323
In base 9, what is 5 + -16?
-11
In base 4, what is 100 + -12112?
-12012
In base 16, what is -3 - -49?
46
In base 15, what is 3 + -2d3?
-2d0
In base 9, what is -2 + 60?
57
In base 14, what is -5 - 2d?
-34
In base 8, what is 5 - -2?
7
In base 12, what is 5 + -1b10?
-1b07
In base 5, what is 44243 + 4?
44302
In base 4, what is -23 - 3?
-32
In base 15, what is 4 - a1?
-9c
In base 9, what is 18 + 10?
28
In base 8, what is 3 - -744?
747
In base 10, what is -2 - -495?
493
In base 4, what is -3 - 3122?
-3131
In base 7, what is -2 - 34?
-36
In base 10, what is -7406 + -5?
-7411
In base 16, what is 0 - 8be?
-8be
In base 5, what is -3130 + 22?
-3103
In base 5, what is -22224 - 10?
-22234
In base 10, what is -1333 + 1?
-1332
In base 3, what is -112 - -222021?
221202
In base 9, what is 151 - 5?
145
In base 8, what is -1446 + -5?
-1453
In base 16, what is -30 - -c?
-24
In base 5, what is 30 + 30?
110
In base 14, what is -3bd - -d?
-3b0
In base 8, what is -227 - 4?
-233
In base 8, what is 34 + 21?
55
In base 16, what is -8 - -11?
9
In base 11, what is -39 + -319?
-357
In base 4, what is 2222 - -22?
2310
In base 7, what is -5 - 1313?
-1321
In base 4, what is -2 - -3031?
3023
In base 2, what is -11010000 - -11?
-11001101
In base 4, what is 1220 - -1?
1221
In base 12, what is 24 - -2?
26
In base 11, what is 44 - 80?
-37
In base 12, what is 164 + -1?
163
In base 16, what is -3b - -1?
-3a
In base 10, what is 1 - -77?
78
In base 13, what is 2a - -1?
2b
In base 2, what is 111110001 - 10?
111101111
In base 15, what is 6 + -c?
-6
In ba